{"id":381,"date":"2009-06-28T21:26:52","date_gmt":"2009-06-28T20:26:52","guid":{"rendered":"http:\/\/www.jz-heubach.de\/blog2\/?page_id=381"},"modified":"2020-06-28T12:07:31","modified_gmt":"2020-06-28T11:07:31","slug":"training-2","status":"publish","type":"page","link":"https:\/\/www.jz-heubach.de\/blog2\/training-2\/","title":{"rendered":"Training"},"content":{"rendered":"<p>Trainingsort: 73540 Heubach, Dojo an der Rosensteinhalle, Helmut-H\u00f6rmann-Stra\u00dfe (<a href=\"http:\/\/www.jz-heubach.de\/blog2\/?page_id=400\">Anfahrtskizze)<\/a><\/p>\n<p>W\u00e4hrend der Schulferien finden nur die Trainingseinheiten statt, die auf unserer News-Seite angek\u00fcndigt werden.<\/p>\n\n<table id=\"tablepress-1\" class=\"tablepress tablepress-id-1\">\n<thead>\n<tr class=\"row-1\">\n\t<th class=\"column-1\">Montag<\/th><th class=\"column-2\">Dienstag<\/th><th class=\"column-3\">Mittwoch<\/th><th class=\"column-4\">Donnerstag<\/th><th class=\"column-5\">Freitag<\/th><th class=\"column-6\">Samstag<\/th>\n<\/tr>\n<\/thead>\n<tbody class=\"row-striping row-hover\">\n<tr class=\"row-2\">\n\t<td class=\"column-1\"><\/td><td class=\"column-2\"><\/td><td class=\"column-3\"><\/td><td class=\"column-4\"><\/td><td class=\"column-5\"><\/td><td class=\"column-6\">Eltern Kind  ab 2 Jahre <br \/>\n9- 10 Uhr<br \/>\nSimone, Simeon, Katrin, Markus<\/td>\n<\/tr>\n<tr class=\"row-3\">\n\t<td class=\"column-1\">Kinder 3 und 4 Jahre<br \/>\nStarterjudo<br \/>\n<strong>14.30 - 15.30 Uhr<\/strong><br \/>\nMartina \/ Karin<br \/>\n<\/td><td class=\"column-2\"><\/td><td class=\"column-3\"><\/td><td class=\"column-4\"><\/td><td class=\"column-5\">u11 Wettkampf<br \/>\n<strong>15.00 - 16.30 Uhr<\/strong><br \/>\nSven und Lukas<\/td><td class=\"column-6\"><\/td>\n<\/tr>\n<tr class=\"row-4\">\n\t<td class=\"column-1\">Kinder und 5 und 6 Jahre<br \/>\nStarterjudo<br \/>\n<strong>15.30 - 16.30 Uhr<\/strong><br \/>\nMartina \/ Karin<br \/>\n<\/td><td class=\"column-2\">Anf\u00e4ngerkurs ab 24.02.2026<br \/>\n<strong>16 - 17 Uhr<\/strong><br \/>\nPeter<\/td><td class=\"column-3\"><\/td><td class=\"column-4\">ab 09.04.2026<br \/>\nAnf\u00e4ngerkurs <br \/>\n<strong>16 - 17 Uhr<\/strong><br \/>\nHeike und Yuna<\/td><td class=\"column-5\">U13 \/ U15<br \/>\nLeistungsgruppe<br \/>\n<strong>16.30 - 18.00 Uhr<\/strong><br \/>\nSven und Pascal<\/td><td class=\"column-6\"><\/td>\n<\/tr>\n<tr class=\"row-5\">\n\t<td class=\"column-1\"><\/td><td class=\"column-2\">Training u9\/u11<br \/>\n<strong>17.00 - 18.15 Uhr<\/strong><br \/>\nPeter und Yakiv<\/td><td class=\"column-3\">u11 \/ u13 \/ u15<br \/>\nWettkampfsport<br \/>\n<strong>17.00 - 18.30 Uhr<\/strong><br \/>\nSimon<\/td><td class=\"column-4\">u6 - u13<br \/>\nFreizeitgruppe Kinder<br \/>\n<strong>17.00 - 18.30 Uhr<\/strong><br \/>\nHeike und Kiara<\/td><td class=\"column-5\">Leistungsgruppe ab u15<br \/>\n<strong>18.15 - 20.15 Uhr <\/strong><br \/>\nSven<\/td><td class=\"column-6\"><\/td>\n<\/tr>\n<tr class=\"row-6\">\n\t<td class=\"column-1\">u11\/ u13\/ u15<br \/>\nJugendst\u00fctzpunkt \/ Talentgruppe<br \/>\n<strong>16.45 - 18.45 Uhr<\/strong><br \/>\nSven <\/td><td class=\"column-2\">Yoga <br \/>\n<strong>19.00- 20.30 Uhr<\/strong><br \/>\nTanja <\/td><td class=\"column-3\">Leistungsgruppe ab u15<br \/>\n<strong>18.30 - 20.00 Uhr<\/strong><br \/>\nSven<\/td><td class=\"column-4\">Individualtraining<br \/>\nu15 \/ u18 und \u00e4lter <br \/>\nTeilnahme nach Abspache<br \/>\n<strong>18.30 - 20 Uhr<\/strong><br \/>\nSven<\/td><td class=\"column-5\"><\/td><td class=\"column-6\"><\/td>\n<\/tr>\n<tr class=\"row-7\">\n\t<td class=\"column-1\">Leistungsgruppe  ab u15<br \/>\n<strong>18.45 - 20.45 Uhr<\/strong><br \/>\nSven<\/td><td class=\"column-2\"><\/td><td class=\"column-3\">Fitness\u00a0Erwachsene<br \/>\n<strong>20.00 - 21.30 Uhr<\/strong><br \/>\nSimon<\/td><td class=\"column-4\">ab 15.05.2025<br \/>\nAnf\u00e4ngerkurs ab 16 Jahren<br \/>\n20 - 21 Uhr<br \/>\nHeike<\/td><td class=\"column-5\"><\/td><td class=\"column-6\"><\/td>\n<\/tr>\n<\/tbody>\n<\/table>\n<!-- #tablepress-1 from cache -->\n","protected":false},"excerpt":{"rendered":"<p>Trainingsort: 73540 Heubach, Dojo an der Rosensteinhalle, Helmut-H\u00f6rmann-Stra\u00dfe (Anfahrtskizze) W\u00e4hrend der Schulferien finden nur die Trainingseinheiten statt, die auf unserer News-Seite angek\u00fcndigt werden.<\/p>\n","protected":false},"author":1,"featured_media":0,"parent":0,"menu_order":15,"comment_status":"closed","ping_status":"closed","template":"page-templates\/full-width.php","meta":{"footnotes":""},"class_list":["post-381","page","type-page","status-publish","hentry"],"publishpress_future_action":{"enabled":false,"date":"2026-04-24 01:42:47","action":"change-status","newStatus":"draft","terms":[],"taxonomy":"","extraData":[]},"publishpress_future_workflow_manual_trigger":{"enabledWorkflows":[]},"_links":{"self":[{"href":"https:\/\/www.jz-heubach.de\/blog2\/wp-json\/wp\/v2\/pages\/381","targetHints":{"allow":["GET"]}}],"collection":[{"href":"https:\/\/www.jz-heubach.de\/blog2\/wp-json\/wp\/v2\/pages"}],"about":[{"href":"https:\/\/www.jz-heubach.de\/blog2\/wp-json\/wp\/v2\/types\/page"}],"author":[{"embeddable":true,"href":"https:\/\/www.jz-heubach.de\/blog2\/wp-json\/wp\/v2\/users\/1"}],"replies":[{"embeddable":true,"href":"https:\/\/www.jz-heubach.de\/blog2\/wp-json\/wp\/v2\/comments?post=381"}],"version-history":[{"count":11,"href":"https:\/\/www.jz-heubach.de\/blog2\/wp-json\/wp\/v2\/pages\/381\/revisions"}],"predecessor-version":[{"id":111532,"href":"https:\/\/www.jz-heubach.de\/blog2\/wp-json\/wp\/v2\/pages\/381\/revisions\/111532"}],"wp:attachment":[{"href":"https:\/\/www.jz-heubach.de\/blog2\/wp-json\/wp\/v2\/media?parent=381"}],"curies":[{"name":"wp","href":"https:\/\/api.w.org\/{rel}","templated":true}]}}