{"id":116538,"date":"2024-11-17T18:39:14","date_gmt":"2024-11-17T17:39:14","guid":{"rendered":"https:\/\/www.jz-heubach.de\/blog2\/?page_id=116538"},"modified":"2025-03-28T22:29:09","modified_gmt":"2025-03-28T21:29:09","slug":"judopass","status":"publish","type":"page","link":"https:\/\/www.jz-heubach.de\/blog2\/judopass\/","title":{"rendered":"Judopass"},"content":{"rendered":"\n<p>F\u00fcr die Teilnahme an Wettk\u00e4mpfen, G\u00fcrtelpr\u00fcfungen oder Lehrg\u00e4ngen ben\u00f6tigst Du einen g\u00fcltigen Judopass. Dieser wird seit 2024 in digitaler Form verwirklicht. <\/p>\n\n\n\n<p>Die dazu online gespeicherten Daten (welche das sind, siehst Du weiter unten) werden vom Judozentrum Heubach, dem W\u00fcrttembergischen Judoverband und dem Deutschen Judobund gemeinsam genutzt.<\/p>\n\n\n\n<p><strong>Schritt 1<\/strong>: digitalen Judopass beantragen<\/p>\n\n\n\n<p>Deine Trainerin oder Dein Trainer gibt Dir ein Antragsformular, welches ausgef\u00fcllt wieder bei ihr oder ihm abgegeben werden muss. Das Formular muss unterschrieben werden. Wenn Du noch nicht vollj\u00e4hrig bist, m\u00fcssen Deine Eltern unterschreiben. Mit Deiner Unterschrift erkl\u00e4rst Du  bzw. erkl\u00e4ren Deine Eltern sich einverstanden, dass die unten aufgef\u00fchrten Daten in das Judoportal geladen  und vom Judozentrum Heubach, dem W\u00fcrttembergischen Judoverband und dem Deutschen Judobund gemeinsam genutzt werden d\u00fcrfen.<\/p>\n\n\n\n<p>Das Judozentrum Heubach l\u00e4dt dann mit Deiner Zustimmung Deine Stammdaten<\/p>\n\n\n\n<ul class=\"wp-block-list\">\n<li>Name<\/li>\n\n\n\n<li>Vorname<\/li>\n\n\n\n<li>Geburtsdatum<\/li>\n\n\n\n<li>Geschlecht<\/li>\n\n\n\n<li>Nationalit\u00e4t<\/li>\n\n\n\n<li>Passbild (statt ein Papierfoto abzugeben, kann auch ein Digitalfoto an judopass@jz-heubach.de geschickt werden)<\/li>\n\n\n\n<li>g\u00fcltige Emailadresse<\/li>\n<\/ul>\n\n\n\n<p>in das Judoportal. <\/p>\n\n\n\n<p><strong>Schritt 2<\/strong>: Nutzungs- und Datenschutzvertr\u00e4gen zustimmen<\/p>\n\n\n\n<p>Bevor der Judopass erstellt werden kann, musst Du bzw. m\u00fcssen Deine Eltern den Nutzungs- und Datenschutzbestimmungen zustimmen. Dazu wird eine Email an die im Antragsformular angegebene Emailadresse geschickt (Absender: Deutscher Judobund, Betreff: Zustimmung erforderlich \u2026). In der Email ist ein Link, \u00fcber den Du zustimmen kannst. Dann kann das Judozentrum den Judopass beantragen. Kurze Zeit sp\u00e4ter ist der Judopass aktiv und kann z. B. f\u00fcr eine G\u00fcrtelpr\u00fcfung genutzt werden.<\/p>\n\n\n\n<p><strong>Achtung:<br \/><\/strong>Weitere  Daten wie Anschrift oder Telefonnummer werden  f\u00fcr den digitalen Judopass nicht ben\u00f6tigt. Diese Daten k\u00f6nnen freiwillig eingetragen werden. Sie werden dann mit dem Deutschen Judobund geteilt. Notwendig ist das nicht. Als Verein haben wir keinen Einfluss darauf, dass diese Datenfelder angezeigt werden.<\/p>\n\n\n\n<p><strong>Schritt <\/strong>3: digitalen Judopass auf eigenem Endger\u00e4t (z. B. Smartphone) nutzen<\/p>\n\n\n\n<p>Du bekommst vom Judozentrum einen pers\u00f6nlichen Link, mit dem Du auf Deinen Judopass zugreifen kannst.<\/p>\n\n\n\n<ol class=\"wp-block-list\">\n<li>\u00d6ffne den Link in einem Browser.<\/li>\n\n\n\n<li>Erstelle dann mit einer g\u00fcltigen Emailadresse und einem Passwort ein Konto bei DokuMe. Wenn Du zu jung bist, m\u00fcssen Deine Eltern ein Konto erstellen. Dein Judopass wird dann mit diesem Konto verkn\u00fcpft.<\/li>\n\n\n\n<li>Lade aus dem Google Playstore oder Apple AppStore die App \u201eJudopass\u201c von DokuMe herunter. Falls f\u00fcr Dein Ger\u00e4t keine App verf\u00fcgbar ist, kannst Du den Judopass auch einfach im Browser unter <a href=\"https:\/\/judopass.dokume.app\">https:\/\/judopass.dokume.app<\/a> laden.<\/li>\n\n\n\n<li>Starte die App oder \u00f6ffne die Adresse im Browser und melde Dich bei dem unter Schritt 2 erstellten Konto an.<\/li>\n\n\n\n<li>Du hast jetzt Zugriff auf Deinen Judopass!<\/li>\n<\/ol>\n\n\n\n<ul class=\"wp-block-list\">\n<li><a href=\"https:\/\/play.google.com\/store\/apps\/details?id=de.djb.judopass\">Android<\/a><\/li>\n\n\n\n<li><a href=\"https:\/\/apps.apple.com\/us\/app\/judopass\/id6469032994\">Apple<\/a><\/li>\n\n\n\n<li>alternativ im Browser: <a href=\"https:\/\/judopass.dokume.app\" target=\"_blank\" rel=\"noreferrer noopener\">https:\/\/judopass.dokume.app<\/a><\/li>\n<\/ul>\n\n\n\n<p><\/p>\n","protected":false},"excerpt":{"rendered":"<p>F\u00fcr die Teilnahme an Wettk\u00e4mpfen, G\u00fcrtelpr\u00fcfungen oder Lehrg\u00e4ngen ben\u00f6tigst Du einen g\u00fcltigen Judopass. Dieser wird seit 2024 in digitaler Form verwirklicht. Die dazu online gespeicherten Daten (welche das sind, siehst Du weiter unten) werden vom Judozentrum Heubach, dem W\u00fcrttembergischen Judoverband und dem Deutschen Judobund gemeinsam genutzt. Schritt 1: digitalen Judopass beantragen Deine Trainerin oder Dein &hellip; <a href=\"https:\/\/www.jz-heubach.de\/blog2\/judopass\/\" class=\"more-link\"><span class=\"screen-reader-text\">Judopass<\/span> weiterlesen <span class=\"meta-nav\">&rarr;<\/span><\/a><\/p>\n","protected":false},"author":1,"featured_media":0,"parent":0,"menu_order":111,"comment_status":"closed","ping_status":"closed","template":"","meta":{"footnotes":""},"class_list":["post-116538","page","type-page","status-publish","hentry"],"publishpress_future_action":{"enabled":false,"date":"2026-05-10 01:36:25","action":"change-status","newStatus":"draft","terms":[],"taxonomy":"","extraData":[]},"publishpress_future_workflow_manual_trigger":{"enabledWorkflows":[]},"_links":{"self":[{"href":"https:\/\/www.jz-heubach.de\/blog2\/wp-json\/wp\/v2\/pages\/116538","targetHints":{"allow":["GET"]}}],"collection":[{"href":"https:\/\/www.jz-heubach.de\/blog2\/wp-json\/wp\/v2\/pages"}],"about":[{"href":"https:\/\/www.jz-heubach.de\/blog2\/wp-json\/wp\/v2\/types\/page"}],"author":[{"embeddable":true,"href":"https:\/\/www.jz-heubach.de\/blog2\/wp-json\/wp\/v2\/users\/1"}],"replies":[{"embeddable":true,"href":"https:\/\/www.jz-heubach.de\/blog2\/wp-json\/wp\/v2\/comments?post=116538"}],"version-history":[{"count":9,"href":"https:\/\/www.jz-heubach.de\/blog2\/wp-json\/wp\/v2\/pages\/116538\/revisions"}],"predecessor-version":[{"id":117084,"href":"https:\/\/www.jz-heubach.de\/blog2\/wp-json\/wp\/v2\/pages\/116538\/revisions\/117084"}],"wp:attachment":[{"href":"https:\/\/www.jz-heubach.de\/blog2\/wp-json\/wp\/v2\/media?parent=116538"}],"curies":[{"name":"wp","href":"https:\/\/api.w.org\/{rel}","templated":true}]}}